 the remainder when 53 is divided by 6?
5
Calculate the remainder when 33 is divided by 20.
13
Calculate the remainder when 1483 is divided by 34.
21
What is the remainder when 440 is divided by 86?
10
What is the remainder when 20 is divided by 15?
5
Calculate the remainder when 430 is divided by 211.
8
Calculate the remainder when 5796 is divided by 290.
286
What is the remainder when 814 is divided by 34?
32
Calculate the remainder when 114 is divided by 42.
30
Calculate the remainder when 1544 is divided by 509.
17
Calculate the remainder when 6774 is divided by 11.
9
What is the remainder when 1373 is divided by 85?
13
What is the remainder when 323 is divided by 319?
4
Calculate the remainder when 174 is divided by 2.
0
What is the remainder when 285 is divided by 13?
12
What is the remainder when 13 is divided by 7?
6
What is the remainder when 3749 is divided by 67?
64
Calculate the remainder when 232 is divided by 74.
10
Calculate the remainder when 350 is divided by 6.
2
What is the remainder when 249 is divided by 43?
34
Calculate the remainder when 34 is divided by 2.
0
What is the remainder when 85 is divided by 22?
19
What is the remainder when 590 is divided by 32?
14
Calculate the remainder when 442 is divided by 74.
72
Calculate the remainder when 148 is divided by 52.
44
What is the remainder when 16 is divided by 6?
4
What is the remainder when 713 is divided by 131?
58
Calculate the remainder when 156 is divided by 53.
50
Calculate the remainder when 22 is divided by 3.
1
What is the remainder when 1888 is divided by 30?
28
Calculate the remainder when 669 is divided by 48.
45
What is the remainder when 10 is divided by 2?
0
Calculate the remainder when 205 is divided by 205.
0
What is the remainder when 384 is divided by 25?
9
What is the remainder when 612 is divided by 28?
24
Calculate the remainder when 92 is divided by 7.
1
What is the remainder when 408 is divided by 87?
60
What is the remainder when 659 is divided by 18?
11
What is the remainder when 91 is divided by 17?
6
Calculate the remainder when 1293 is divided by 93.
84
What is the remainder when 4747 is divided by 125?
122
What is the remainder when 346 is divided by 68?
6
What is the remainder when 2661 is divided by 1330?
1
What is the remainder when 787 is divided by 777?
10
What is the remainder when 302 is divided by 11?
5
Calculate the remainder when 1588 is divided by 525.
13
Calculate the remainder when 471 is divided by 203.
65
What is the remainder when 895 is divided by 229?
208
What is the remainder when 1915 is divided by 14?
11
What is the remainder when 278 is divided by 198?
80
Calculate the remainder when 32 is divided by 2.
0
What is the remainder when 1884 is divided by 237?
225
What is the remainder when 205 is divided by 34?
1
Calculate the remainder when 126 is divided by 44.
38
Calculate the remainder when 1934 is divided by 11.
9
Calculate the remainder when 807 is divided by 73.
4
Calculate the remainder when 726 is divided by 4.
2
What is the remainder when 222 is divided by 56?
54
Calculate the remainder when 293 is divided by 14.
13
What is the remainder when 877 is divided by 44?
41
Calculate the remainder when 1626 is divided by 26.
14
What is the remainder when 2063 is divided by 75?
38
What is the remainder when 10 is divided by 2?
0
Calculate the remainder when 97 is divided by 40.
17
Calculate the remainder when 393 is divided by 44.
41
What is the remainder when 650 is divided by 21?
20
Calculate the remainder when 154 is divided by 53.
48
What is the remainder when 103 is divided by 47?
9
Calculate the remainder when 1738 is divided by 83.
78
Calculate the remainder when 746 is divided by 25.
21
What is the remainder when 51 is divided by 8?
3
What is the remainder when 170 is divided by 45?
35
Calculate the remainder when 282 is divided by 26.
22
What is the remainder when 66 is divided by 14?
10
Calculate the remainder when 1141 is divided by 235.
201
What is the remainder when 481 is divided by 121?
118
Calculate the remainder when 698 is divided by 88.
82
What is the remainder when 571 is divided by 31?
13
What is the remainder when 276 is divided by 15?
6
What is the remainder when 86 is divided by 15?
11
Calculate the remainder when 426 is divided by 110.
96
What is the remainder when 56 is divided by 20?
16
What is the remainder when 2830 is divided by 135?
130
Calculate the remainder when 1585 is divided by 124.
97
Calculate the remainder when 4054 is divided by 214.
202
Calculate the remainder when 1015 is divided by 171.
160
Calculate the remainder when 22 is divided by 17.
5
What is the remainder when 733 is divided by 67?
63
What is the remainder when 58 is divided by 8?
2
Calculate the remainder when 1308 is divided by 77.
76
Calculate the remainder when 116 is divided by 54.
8
Calculate the remainder when 1102 is divided by 14.
10
Calculate the remainder when 259 is divided by 96.
67
What is the remainder when 264 is divided by 54?
48
Calculate the remainder when 2008 is divided by 334.
4
What is the remainder when 187 is divided by 99?
88
Calculate the remainder when 2609 is divided by 855.
44
Calculate the remainder when 43 is divided by 15.
13
What is the remainder when 796 is divided by 25?
21
What is the remainder when 2463 is divided by 353?
345
Calculate the remainder when 295 is divided by 30.
25
Calculate the remainder when 836 is divided by 21.
17
What is the remainder when 5855 is divided by 183?
182
What is the remainder when 258 is divided by 244?
14
Calculate the remainder when 6098 is divided by 871.
1
What is the remainder when 2248 is divided by 722?
82
What is the remainder when 421 is divided by 108?
97
What is the remainder when 449 is divided by 98?
57
Calculate the remainder when 1406 is divided by 94.
90
What is the remainder when 1003 is divided by 15?
13
What is the remainder when 209 is divided by 30?
29
Calculate the remainder when 925 is divided by 2.
1
Calculate the remainder when 573 is divided by 82.
81
Calculate the remainder when 317 is divided by 29.
27
What is the remainder when 269 is divided by 41?
23
Calculate the remainder when 287 is divided by 74.
65
What is the remainder when 17 is divided by 12?
5
What is the remainder when 354 is divided by 126?
102
Calculate the remainder when 906 is divided by 153.
141
Calculate the remainder when 9725 is divided by 38.
35
What is the remainder when 54 is divided by 15?
9
Calculate the remainder when 6270 is divided by 98.
96
What is the remainder when 528 is divided by 124?
32
Calculate the remainder when 12347 is divided by 26.
23
What is the remainder when 842 is divided by 141?
137
Calculate the remainder when 6039 is divided by 106.
103
What is the remainder when 843 is divided by 277?
12
Calculate the remainder when 67 is divided by 34.
33
Calculate the remainder when 238 is divided by 73.
19
What is the remainder when 449 is divided by 25?
24
Calculate the remainder when 105 is divided by 102.
3
Calculate the remainder when 60 is divided by 22.
16
Calculate the remainder when 87 is divided by 23.
18
What is the remainder when 87 is divided by 11?
10
Calculate the remainder when 477 is divided by 16.
13
What is the remainder when 463 is divided by 26?
21
Calculate the remainder when 22113 is divided by 57.
54
What is the remainder when 432 is divided by 211?
10
Calculate the remainder when 253 is divided by 52.
45
What is the remainder when 37 is divided by 14?
9
What is the remainder when 45 is divided by 35?
10
Calculate the remainder when 212 is divided by 9.
5
What is the remainder when 552 is divided by 20?
12
Calculate the remainder when 28 is divided by 2.
0
Calculate the remainder when 2348 is divided by 48.
44
What is the remainder when 175 is divided by 82?
11
What is the remainder when 654 is divided by 38?
8
Calculate the remainder when 991 is divided by 89.
12
What is the remainder when 5623 is divided by 330?
13
What is the remainder when 1343 is divided by 65?
43
Calculate the remainder when 7039 is divided by 80.
79
What is the remainder when 8771 is divided by 86?
85
Calculate the remainder when 93 is divided by 19.
17
Calculate the remainder when 741 is divided by 53.
52
Calculate the remainder when 170